) = 489*t - 5887. Give h(12).
-19
Let w(d) = d**2 + 1404*d - 7045. Determine w(5).
0
Let k(w) = -w**3 - 30*w**2 + 102*w + 1222. What is k(-32)?
6
Let t(u) = -68*u + 44. Give t(-2).
180
Let o(l) = -18*l**2 - 106*l + 5. Give o(-6).
-7
Let r(q) = -798*q - 18366. Determine r(-23).
-12
Let c(p) = -p**3 - 13*p**2 - 45*p - 21. What is c(-7)?
0
Let u(m) = -6*m - 39. Give u(16).
-135
Let m(s) = -71*s + 7202. Give m(101).
31
Let l(w) = -14*w + 353. Give l(33).
-109
Let m(n) = n**2 + 161*n + 6454. What is m(-85)?
-6
Let h(x) = -13*x + 102. Determine h(14).
-80
Let z(f) = -1614*f - 80693. What is z(-50)?
7
Let h(f) = 13*f - 44. What is h(4)?
8
Let w(u) = 1197*u + 10763. Give w(-9).
-10
Let g(i) = 27*i + 663. Give g(-16).
231
Let r(o) = 2*o - 133. What is r(-5)?
-143
Let o(f) = -33*f + 94. Calculate o(-8).
358
Let y(m) = m**3 - m**2 - 5*m + 6. What is y(2)?
0
Let y(b) = -628*b + 4989. What is y(8)?
-35
Let c(i) = 2*i**3 + 15*i**2 + 29*i + 21. Give c(-5).
1
Let z(k) = k**3 - 33*k**2 + 112*k - 699. Give z(30).
-39
Let i(d) = -d**3 + 28*d**2 + 60*d + 11. Give i(30).
11
Let o(r) = 54*r**2 - 1102*r + 426. Calculate o(20).
-14
Let q(o) = 72*o**3 - o**2 + 3. Give q(1).
74
Let g(r) = r**2 + 47*r - 1771. Give g(-72).
29
Let v(q) = -14*q**2 + 26*q + 111. Give v(4).
-9
Let k(y) = 1193*y + 8337. Determine k(-7).
-14
Let b(k) = -41*k + 36. Give b(1).
-5
Let p(w) = -w**3 + 50*w**2 - 279*w + 601. Determine p(44).
-59
Let l(h) = -h**3 + 99*h**2 + 515*h + 566. What is l(104)?
46
Let h(d) = 2*d**2 - 34*d + 222. Determine h(11).
90
Let r(m) = m**3 + 2*m**2 - 32*m + 2. Calculate r(4).
-30
Let y(p) = 62*p + 78. Calculate y(0).
78
Let j(q) = 3*q**2 + 80*q - 21. Determine j(-26).
-73
Let f(k) = -2*k**3 + 15*k**2 + 7*k + 7. What is f(8)?
-1
Let o(j) = -2220*j + 13377. Determine o(6).
57
Let w(p) = -2*p**2 + 249*p + 129. Calculate w(125).
4
Let t(x) = 3*x**3 + 5*x**2 - 4*x - 8. What is t(3)?
106
Let u(l) = -l**3 - 27*l**2 + 57*l + 35. Calculate u(-29).
64
Let u(t) = 8*t**3 - 146*t**2 + 31*t + 93. What is u(18)?
3
Let l(p) = -8*p**2 - 36*p - 60. Calculate l(-6).
-132
Let c(d) = -26*d**2 - 13. Calculate c(3).
-247
Let p(t) = -t**2 - 49*t - 179. Calculate p(-46).
-41
Let m(d) = d**3 - 2*d**2 + 3*d + 25. What is m(4)?
69
Let o(k) = -4*k**2 - 130*k - 47. Give o(-32).
17
Let d(n) = 5115*n + 30689. What is d(-6)?
-1
Let b(u) = -u**2 + 128*u + 835. Determine b(-6).
31
Let k(x) = -x**2 + 147*x - 5219. Calculate k(88).
-27
Let c(f) = -5*f**2 + 458*f + 1233. Determine c(94).
105
Let b(k) = k**3 + 5*k**2 - 13*k - 67. What is b(-4)?
1
Let t(y) = 6014*y + 60147. Give t(-10).
7
Let q(w) = -48*w - 60. What is q(-2)?
36
Let p(t) = -t**2 - 26*t + 251. What is p(-35)?
-64
Let j(v) = 26*v + 205. What is j(-13)?
-133
Let h(u) = 2*u**3 + 23*u**2 + 9*u + 51. What is h(-10)?
261
Let d(k) = -4*k - 74. Calculate d(-12).
-26
Let d(z) = -31*z - 552. What is d(-16)?
-56
Let v(o) = -o**2 - 3*o + 111. What is v(-11)?
23
Let b(j) = 2*j**2 - 55*j - 142. Calculate b(30).
8
Let d(w) = 13*w + 712. What is d(-57)?
-29
Let d(v) = -v**2 - 39*v - 415. Give d(-19).
-35
Let s(t) = -t**2 - 65*t + 278. What is s(-69)?
2
Let z(u) = 5*u**3 + 186*u**2 + 21*u - 593. Determine z(-37).
-1
Let c(l) = 6*l**2 + 841*l - 998. Determine c(-141).
-293
Let l(x) = -36*x - 178. Calculate l(-9).
146
Let t(u) = -5*u**2 + 29*u - 26. Determine t(1).
-2
Let j(f) = 3*f**3 + 518*f**2 - 170*f + 527. Give j(-173).
8
Let c(m) = 58*m**2 + 110*m + 434. Give c(-4).
922
Let r(k) = 117*k + 9931. Give r(-85).
-14
Let n(l) = 97*l - 504. Calculate n(5).
-19
Let f(i) = 7*i - 4. Give f(6).
38
Let f(y) = -220*y - 19807. What is f(-90)?
-7
Let r(d) = -d**3 + 104*d**2 - 96*d - 761. Determine r(103).
-40
Let x(r) = 2*r**3 + 21*r**2 + 37*r + 23. Determine x(-8).
47
Let u(z) = -z**3 - 3*z**2 + 126*z + 499. What is u(-8)?
-189
Let h(p) = -p**2 - 52*p + 1. Calculate h(-52).
1
Let m(n) = n**2 - 72*n + 745. Give m(13).
-22
Let h(m) = -m**3 - 98*m**2 - 1247*m - 37. Determine h(-15).
-7
Let r(k) = -4*k**2 + 81*k - 296. Calculate r(16).
-24
Let s(g) = g**3 + 10*g**2 - 5*g - 4. What is s(0)?
-4
Let y(n) = 3*n**2 + 72*n - 7. Give y(-24).
-7
Let s(w) = 22007*w - 44007. What is s(2)?
7
Let x(b) = -2*b**3 - 5*b**2 - 9*b - 6. Determine x(-5).
164
Let r(i) = i**2 + 25*i + 110. Determine r(-8).
-26
Let h(l) = -27*l - 183. Give h(-22).
411
Let o(n) = 292*n + 5257. What is o(-18)?
1
Let y(v) = v**3 - v**2 - 32*v - 58. Give y(7).
12
Let c(p) = -223*p + 2229. Determine c(10).
-1
Let h(o) = -o + 129. Determine h(-61).
190
Let t(l) = 33*l**2 + 626*l - 23. Calculate t(-19).
-4
Let w(i) = 170*i + 2717. What is w(-16)?
-3
Let u(i) = -i**2 + 883*i + 31174. Determine u(-34).
-4
Let k(j) = 17*j**2 - 4*j - 8. Calculate k(-2).
68
Let q(w) = 4*w + 92. Give q(-28).
-20
Let y(z) = -2*z**2 - 56*z + 29. Determine y(-28).
29
Let b(v) = v**2 - 25*v - 1768. Calculate b(58).
146
Let x(c) = 2*c**2 - 348*c - 2132. Give x(-6).
28
Let g(y) = 2*y**2 + 142*y + 544. What is g(-4)?
8
Let i(w) = 2*w**3 + 21*w**2 + 35*w + 77. Calculate i(-9).
5
Let d(f) = f**3 - 20*f**2 + 104*f - 28. Give d(9).
17
Let p(u) = -u**2 + 711*u + 12374. Calculate p(-17).
-2
Let b(v) = 5*v**2 + 427*v - 2748. Give b(6).
-6
Let c(x) = x**3 - 18*x**2 - 11*x - 81. Calculate c(19).
71
Let c(i) = -1084*i - 81307. Give c(-75).
-7
Let t(l) = -8*l**3 - 305*l**2 - 59*l - 780. Calculate t(-38).
18
Let r(b) = -9*b**3 + 6*b**2 - 2*b + 1. Determine r(-1).
18
Let r(g) = -211*g + 57. What is r(0)?
57
Let b(v) = 13*v**2 - v - 12. What is b(-4)?
200
Let g(d) = -d**2 - 6*d - 70. What is g(-8)?
-86
Let p(g) = -31*g + 91. What is p(9)?
-188
Let i(s) = -9*s**2 + 2*s - 26. Calculate i(-5).
-261
Let w(l) = -334*l + 4062. Determine w(12).
54
Let l(s) = -38*s - 75. What is l(-2)?
1
Let h(f) = 7*f - 265. Determine h(29).
-62
Let l(r) = 1885*r + 11. Determine l(0).
11
Let b(p) = -4*p**2 - 432*p - 2611. Determine b(-6).
-163
Let s(f) = f**3 - 15*f**2 - 23*f + 327. Determine s(15).
-18
Let a(r) = -3*r**2 + 174*r - 1425. Calculate a(10).
15
Let l(n) = -3075*n + 6210. Calculate l(2).
60
Let l(b) = -b**3 - 110*b**2 - 155*b + 6577. Determine l(-108).
-11
Let p(z) = -z**3 + 14*z**2 + 236*z - 45. What is p(-10)?
-5
Let w(m) = 45*m**2 - 28*m + 91. What is w(3)?
412
Let q(g) = -g**3 + 25*g**2 - 77*g + 65. Give q(18).
947
Let c(a) = -5409*a - 146032. Give c(-27).
11
Let f(g) = -318*g + 1904. Calculate f(6).
-4
Let n(p) = p**3 + 17*p**2 + 46*p + 15. What is n(-14)?
-41
Let g(h) = 785*h - 15617. Give g(20).
83
Let t(x) = x**3 - 12*x**2 - 25*x + 6. Give t(14).
48
Let g(u) = u**3 - 2*u**2 - 2*u + 1. What is g(-1)?
0
Let p(u) = u**3 + 34*u**2 - u - 152. Determine p(-34).
-118
Let k(s) = -2*s**2 + 107*s - 1071. What is k(13)?
-18
Let p(l) = 2*l**2 + 471*l - 948. Calculate p(2).
2
Let m(z) = 108*z**2 - 4857*z - 137. Determine m(45).
-2
Let b(w) = -11593*w**2 - 69563*w - 27. Calculate b(-6).
3
Let h(n) = -5*n**3 + 460*n**2 + 2938*n + 202. Give h(98).
6
Let j(z) = z**3 + 41*z**2 - 1220*z + 44. Give j(-61).
44
Let b(f) = -f**2 + 30*f + 92. Calculate b(33).
-7
Let l(y) = 82*y + 443. Determine l(-5).
33
Let s(r) = 2*r**3 + 4*r**2 + 4*r + 20. Give s(-5).
-150
Let a(u) = u**3 + 39*u**2 + 5*u + 223. What is a(-39)?
28
Let i(b) = 4*b**3 - 35*b**2 + 82*b - 11. Calculate i(5).
24
Let m(i) = 9*i + 281. What is m(-6)?
227
Let p(z) = 72*z**2 + 50*z - 1. Calculate p(-1).
21
Let h(m) = -m**2 + 14*m + 118. Calculate h(20).
-2
Let q(s) = -682*s + 4767. Calculate q(7).
-7
Let h(z) = 2*z**3 + 3*z**2 + 47*z - 1. Give h(0).
-1
Let m(s) = 3*s**2 - 2*s - 25. Determine m(-4).
31
Let h(k) = 2*k**2 + 48*k - 35. Determine h(-25).
15
Let f(v) = v**3 + 12*v**2 - 446*v - 31. What is f(16)?
1
Let g(r) = -36*r + 805. Give g(20).
85
Let o(s) = -s**2 - 384*s + 2697. Give o(7).
-40
Let a(f) = 1195*f - 316667. What is a(265)?
8
Let j(p) = p**2 + 144*p + 2326. Give j(-17).
167
Let i(m) = m**3 + 58*m**2 + 358*m + 38. Calculate i(-51).
-13
Let b(k) = -2*k**2 - 55*k - 318. What is b(-16)?
50
Let g(p) = -237*p + 922. Determine g(5).
-263
Let p(n) = 584*n - 12305. Calculate p(21).
-41
Let r(o) = -2*o**2 + 11*o + 26. Determine r(7).
5
Let y(b) = 2*b**3 + 40*b**2 - 54*b - 52. Give y(-21).
200
Let c(o) = -13*o - 263. What is c(-34)?
179
Let o(t) = 14*t - 57. Determine o(0).
-57
Let b(l) = l**3 + 43*l**2 - 284*l + 554. De